{"id":552,"date":"2026-05-13T09:40:27","date_gmt":"2026-05-13T09:40:27","guid":{"rendered":"https:\/\/microtech-informatique.fr\/?page_id=552"},"modified":"2026-05-13T18:40:02","modified_gmt":"2026-05-13T18:40:02","slug":"contact-magasin-informatique","status":"publish","type":"page","link":"https:\/\/microtech-informatique.fr\/index.php\/contact-magasin-informatique\/","title":{"rendered":"contact-magasin-informatique"},"content":{"rendered":"\n<section class=\"wp-block-greenshift-blocks-row alignfull gspb_row gspb_row-id-gsbp-0a3e82d\" id=\"gspb_row-id-gsbp-0a3e82d\"><div class=\"gspb_row__content\"> \n<div class=\"wp-block-greenshift-blocks-row-column gspb_row__col--12 gspb_col-id-gsbp-7041636\" id=\"gspb_col-id-gsbp-7041636\">\n<h1 class=\"wp-block-heading alignfull has-text-align-left has-custom-red-color has-text-color has-link-color wp-elements-aa5fc0b4ca1c348a9bedd055563af0e3\" id=\"contactez-notre-magasin-informatique\">Contactez notre magasin informatique<\/h1>\n\n\n\n<hr class=\"wp-block-separator alignfull has-text-color has-custom-red-color has-alpha-channel-opacity has-custom-red-background-color has-background\"\/>\n\n\n\n<p class=\"has-text-align-justify has-text-align-justify\">Vous souhaitez en savoir plus sur notre <a href=\"https:\/\/www.informatique-microtech.fr\/fr\/accueil\">magasin informatique<\/a>, nos services de <a href=\"https:\/\/www.informatique-microtech.fr\/fr\/reparation-de-telephone\">r\u00e9paration de t\u00e9l\u00e9phone<\/a>, vente ou d\u00e9pannage de mat\u00e9riel ? Contactez notre <strong>magasin informatique \u00e0 Lillebonne<\/strong>. Nous intervenons dans un rayon de 60km, notamment sur les secteurs de Rouen, Le Havre et Le Graven\u00e7on.<\/p>\n<\/div>\n <\/div><\/section>\n\n\n\n<div class=\"wp-block-greenshift-blocks-row gspb_row gspb_row-id-gsbp-f10a5b4\" id=\"gspb_row-id-gsbp-f10a5b4\"><div class=\"gspb_row__content\"> \n<div class=\"wp-block-greenshift-blocks-row-column gspb_row__col--8 gspb_col-id-gsbp-c1a3381\" id=\"gspb_col-id-gsbp-c1a3381\">\n<div class=\"wp-block-greenshift-blocks-container gspb_container gspb_container-gsbp-9fdf213\" id=\"gspb_container-id-gsbp-9fdf213\">\n<h3 class=\"wp-block-heading has-custom-red-color has-text-color has-link-color wp-elements-b2357b17577f6a30dd35ca79b636e4ad\" id=\"vente-de-materiel-informatique\"><strong>Adresse<\/strong><\/h3>\n\n\n\n<p class=\"has-text-align-justify has-text-align-justify\">12 rue du Havre<br>76170 Lillebonne<\/p>\n\n\n\n<h3 class=\"wp-block-heading has-custom-red-color has-text-color has-link-color wp-elements-93d90b5fdc273e316dcf048248ad2c16\" id=\"vente-de-materiel-informatique\"><strong>Horaires<\/strong><\/h3>\n\n\n\n<p class=\"has-text-align-justify has-text-align-justify\">Du mardi au vendredi :<br>de 9h \u00e0 12h et de 14h \u00e0 19h<br>Le samedi :<br>de 9h \u00e0 12h et de 14h \u00e0 18h<\/p>\n\n\n\n<hr class=\"wp-block-separator has-text-color has-custom-red-color has-alpha-channel-opacity has-custom-red-background-color has-background\" style=\"margin-top:var(--wp--preset--spacing--30);margin-bottom:var(--wp--preset--spacing--30)\"\/>\n\n\n<div class=\"gspb_id-gsbp-b0162cc wp-block-greenshift-blocks-map\"><div data-key=\"gspb_id_gsbp_b0162cc\" class=\"gspb_map-wrapper gspb_osmap\" id=\"gspb_map-gsbp-b0162cc\"><\/div><\/div>\n\n\n<hr class=\"wp-block-separator has-text-color has-custom-red-color has-alpha-channel-opacity has-custom-red-background-color has-background\" style=\"margin-top:var(--wp--preset--spacing--30);margin-bottom:var(--wp--preset--spacing--30)\"\/>\n\n\n\n<h3 class=\"wp-block-heading has-custom-red-color has-text-color has-link-color wp-elements-9e7ffd1efe9dea1657e59b0ccf794b39\" id=\"vente-de-materiel-informatique\"><strong>T\u00e9lephone<\/strong><\/h3>\n\n\n\n<div class=\"gspb_button_wrapper gspb_button-id-gsbp-225b1f5\" id=\"gspb_button-id-gsbp-225b1f5\"><a class=\"wp-block-greenshift-blocks-buttonbox gspb-buttonbox wp-element-button\" rel=\"noopener\"><span class=\"gspb-buttonbox-textwrap\"><span class=\"gspb-buttonbox-text\"><span class=\"gspb-buttonbox-title\">09 83 09 61 92<\/span><\/span><\/span><\/a><\/div>\n\n\n\n<hr class=\"wp-block-separator has-text-color has-custom-red-color has-alpha-channel-opacity has-custom-red-background-color has-background\" style=\"margin-top:var(--wp--preset--spacing--30);margin-bottom:var(--wp--preset--spacing--30)\"\/>\n\n\n\n<h3 class=\"wp-block-heading has-custom-red-color has-text-color has-link-color wp-elements-af94ed00b79164ee3d1bdc75d50e1b8c\" id=\"vente-de-materiel-informatique\"><strong>Suivez nous :<\/strong><\/h3>\n\n\n\n<div class=\"wp-block-greenshift-blocks-container gspb_container gspb_container-gsbp-ccce8f5\" id=\"gspb_container-id-gsbp-ccce8f5\">\n<div class=\"gspb_button_wrapper gspb_button-id-gsbp-58d305b\" id=\"gspb_button-id-gsbp-58d305b\"><a class=\"wp-block-greenshift-blocks-buttonbox gspb-buttonbox wp-element-button\" data-aos=\"fade-right\" data-aos-easing=\"ease\" data-aos-duration=\"800\" rel=\"noopener\"><span class=\"gspb-buttonbox-textwrap\"><span class=\"gspb-buttonbox-icon\"><svg class=\"\" style=\"display:inline-block;vertical-align:middle\" width=\"15\" height=\"15\" viewBox=\"0 0 1024 1024\" xmlns=\"http:\/\/www.w3.org\/2000\/svg\"><path style=\"fill:#565D66\" d=\"M1008 512c0-274-222-496-496-496s-496 222-496 496c0 247.56 181.38 452.76 418.5 490v-346.62h-126v-143.38h126v-109.28c0-124.3 74-192.96 187.34-192.96 54.28 0 111.040 9.68 111.040 9.68v122h-62.56c-61.6 0-80.82 38.24-80.82 77.46v93.1h137.56l-22 143.38h-115.56v346.62c237.12-37.24 418.5-242.44 418.5-490z\"><\/path><\/svg><\/span><span class=\"gspb-buttonbox-text\"><span class=\"gspb-buttonbox-title\"><\/span><\/span><\/span><\/a><\/div>\n\n\n\n<div class=\"gspb_button_wrapper gspb_button-id-gsbp-9d94bb2\" id=\"gspb_button-id-gsbp-9d94bb2\"><a class=\"wp-block-greenshift-blocks-buttonbox gspb-buttonbox wp-element-button\" data-aos=\"fade-right\" data-aos-easing=\"ease\" data-aos-duration=\"800\" rel=\"noopener\"><span class=\"gspb-buttonbox-textwrap\"><span class=\"gspb-buttonbox-icon\"><svg class=\"\" style=\"display:inline-block;vertical-align:middle\" width=\"15\" height=\"15\" viewBox=\"0 0 1024 1024\" xmlns=\"http:\/\/www.w3.org\/2000\/svg\"><path style=\"fill:#565D66\" d=\"M512 16c-273.8 0-496 222.2-496 496s222.2 496 496 496 496-222.2 496-496-222.2-496-496-496zM370.6 760c-136.967 0-248-111.033-248-248s111.033-248 248-248v0c62.6 0 120.2 22 166 64.6l-67.2 65.2c-26.4-25.8-62.6-38.2-98.8-38.2-85.8 0-154.4 71-154.4 156.2s68.4 156.2 154.4 156.2c65.2 0 129.8-38.2 140.2-106.6h-140.2v-85.2h233.8c2.418 12.199 3.802 26.224 3.802 40.572 0 0.291-0.001 0.582-0.002 0.873l0-0.045c0 141.6-95 242.4-237.6 242.4zM831 547.6v71h-71v-71h-71v-71h71v-71h71v71h70.4v71z\"><\/path><\/svg><\/span><span class=\"gspb-buttonbox-text\"><span class=\"gspb-buttonbox-title\"><\/span><\/span><\/span><\/a><\/div>\n<\/div>\n<\/div>\n<\/div>\n\n\n\n<div class=\"wp-block-greenshift-blocks-row-column gspb_row__col--4 gspb_col-id-gsbp-3227b54\" id=\"gspb_col-id-gsbp-3227b54\">\n<h2 class=\"wp-block-heading has-custom-red-color has-text-color has-link-color wp-elements-b35380e6bb1ada7ac3db761d56f727ce\" id=\"envoyer-un-message\" style=\"margin-top:0;margin-bottom:0;padding-top:0;padding-bottom:0\">Envoyer un message<\/h2>\n\n\n\n<div class=\"wpcf7 no-js\" id=\"wpcf7-f565-o1\" lang=\"en-US\" dir=\"ltr\" data-wpcf7-id=\"565\">\n<div class=\"screen-reader-response\"><p role=\"status\" aria-live=\"polite\" aria-atomic=\"true\"><\/p> <ul><\/ul><\/div>\n<form action=\"\/index.php\/wp-json\/wp\/v2\/pages\/552#wpcf7-f565-o1\" method=\"post\" class=\"wpcf7-form init\" aria-label=\"Contact form\" novalidate=\"novalidate\" data-status=\"init\">\n<fieldset class=\"hidden-fields-container\"><input type=\"hidden\" name=\"_wpcf7\" value=\"565\" \/><input type=\"hidden\" name=\"_wpcf7_version\" value=\"6.1.5\" \/><input type=\"hidden\" name=\"_wpcf7_locale\" value=\"en_US\" \/><input type=\"hidden\" name=\"_wpcf7_unit_tag\" value=\"wpcf7-f565-o1\" \/><input type=\"hidden\" name=\"_wpcf7_container_post\" value=\"0\" \/><input type=\"hidden\" name=\"_wpcf7_posted_data_hash\" value=\"\" \/>\n<\/fieldset>\n<div class=\"contact-page\">\n\t<div class=\"cf7-grid\">\n\t\t<div>\n\t\t\t<p><span class=\"wpcf7-form-control-wrap\" data-name=\"nom\"><input size=\"40\" maxlength=\"400\" class=\"wpcf7-form-control wpcf7-text wpcf7-validates-as-required\" aria-required=\"true\" aria-invalid=\"false\" placeholder=\"Votre nom *\" value=\"\" type=\"text\" name=\"nom\" \/><\/span>\n\t\t\t<\/p>\n\t\t<\/div>\n\t\t<div>\n\t\t\t<p><span class=\"wpcf7-form-control-wrap\" data-name=\"telephone\"><input size=\"40\" maxlength=\"400\" class=\"wpcf7-form-control wpcf7-tel wpcf7-text wpcf7-validates-as-tel\" aria-invalid=\"false\" placeholder=\"T\u00e9l\u00e9phone\" value=\"\" type=\"tel\" name=\"telephone\" \/><\/span>\n\t\t\t<\/p>\n\t\t<\/div>\n\t\t<div>\n\t\t\t<p><span class=\"wpcf7-form-control-wrap\" data-name=\"email\"><input size=\"40\" maxlength=\"400\" class=\"wpcf7-form-control wpcf7-email wpcf7-validates-as-required wpcf7-text wpcf7-validates-as-email\" aria-required=\"true\" aria-invalid=\"false\" placeholder=\"Votre e-mail *\" value=\"\" type=\"email\" name=\"email\" \/><\/span>\n\t\t\t<\/p>\n\t\t<\/div>\n\t\t<div>\n\t\t\t<p><span class=\"wpcf7-form-control-wrap\" data-name=\"adresse\"><input size=\"40\" maxlength=\"400\" class=\"wpcf7-form-control wpcf7-text\" aria-invalid=\"false\" placeholder=\"Adresse\" value=\"\" type=\"text\" name=\"adresse\" \/><\/span>\n\t\t\t<\/p>\n\t\t<\/div>\n\t\t<div>\n\t\t\t<p><span class=\"wpcf7-form-control-wrap\" data-name=\"ville\"><input size=\"40\" maxlength=\"400\" class=\"wpcf7-form-control wpcf7-text\" aria-invalid=\"false\" placeholder=\"Ville\" value=\"\" type=\"text\" name=\"ville\" \/><\/span>\n\t\t\t<\/p>\n\t\t<\/div>\n\t\t<div>\n\t\t\t<p><span class=\"wpcf7-form-control-wrap\" data-name=\"codepostal\"><input size=\"40\" maxlength=\"400\" class=\"wpcf7-form-control wpcf7-text\" aria-invalid=\"false\" placeholder=\"Code postal\" value=\"\" type=\"text\" name=\"codepostal\" \/><\/span>\n\t\t\t<\/p>\n\t\t<\/div>\n\t<\/div>\n\t<div class=\"cf7-full\">\n\t\t<p><span class=\"wpcf7-form-control-wrap\" data-name=\"message\"><textarea cols=\"40\" rows=\"10\" maxlength=\"2000\" class=\"wpcf7-form-control wpcf7-textarea wpcf7-validates-as-required\" aria-required=\"true\" aria-invalid=\"false\" placeholder=\"Votre message *\" name=\"message\"><\/textarea><\/span>\n\t\t<\/p>\n\t<\/div>\n\t<div class=\"cf7-check\">\n\t\t<p><span class=\"wpcf7-form-control-wrap\" data-name=\"conditions\"><span class=\"wpcf7-form-control wpcf7-acceptance\"><span class=\"wpcf7-list-item\"><input type=\"checkbox\" name=\"conditions\" value=\"1\" aria-invalid=\"false\" \/><\/span><\/span><\/span><br \/>\nJ'ai lu et j'accepte les <a href=\"#\">les conditions g\u00e9n\u00e9rales d'utilisation<\/a>\n\t\t<\/p>\n\t<\/div>\n\t<p><input class=\"wpcf7-form-control wpcf7-submit has-spinner\" type=\"submit\" value=\"Envoyer\" \/>\n\t<\/p>\n<\/div><div class=\"wpcf7-response-output\" aria-hidden=\"true\"><\/div>\n<\/form>\n<\/div>\n\n<\/div>\n <\/div><\/div>\n","protected":false},"excerpt":{"rendered":"","protected":false},"author":1,"featured_media":0,"parent":0,"menu_order":0,"comment_status":"closed","ping_status":"closed","template":"page-no-title","meta":{"_gspb_post_css":"#gspb_row-id-gsbp-0a3e82d,#gspb_row-id-gsbp-f10a5b4{justify-content:space-between;margin-top:0;margin-bottom:0;display:flex;flex-wrap:wrap}#gspb_row-id-gsbp-0a3e82d>.gspb_row__content{display:flex;justify-content:space-between;margin:0 auto;width:100%;flex-wrap:wrap;max-width:1200px}.gspb_row{position:relative}div[id^=gspb_col-id]{box-sizing:border-box;position:relative;padding:var(--gs-row-column-padding, 15px min(3vw, 20px))}#gspb_col-id-gsbp-7041636.gspb_row__col--12{width:100%}@media (max-width:575.98px){#gspb_col-id-gsbp-7041636.gspb_row__col--12{width:100%}}#gspb_row-id-gsbp-f10a5b4>.gspb_row__content{display:flex;justify-content:space-between;margin:0 auto;width:100%;flex-wrap:wrap;max-width:1200px}#gspb_col-id-gsbp-c1a3381.gspb_row__col--8{width:66.66666666666667%}@media (max-width:575.98px){#gspb_col-id-gsbp-c1a3381.gspb_row__col--8{width:100%}}@media (min-width:992px){body.gspb-bodyfront #gspb_col-id-gsbp-c1a3381.gspb_row__col--8{width:calc(35% - 0px - 0px)}}.gspb_container-id-gsbp-9fdf213,.gspb_container-id-gsbp-ccce8f5{flex-direction:column;box-sizing:border-box}#gspb_container-id-gsbp-9fdf213.gspb_container>p:last-of-type,#gspb_container-id-gsbp-ccce8f5.gspb_container>p:last-of-type{margin-bottom:0}#gspb_container-id-gsbp-9fdf213.gspb_container{position:relative;padding-right:15px;padding-left:15px;border-style:solid;border-width:1px;border-color:var(--wp--preset--color--custom-red, #e5322d);box-sizing:border-box}#gspb_container-id-gsbp-9fdf213.gspb_container,#gspb_container-id-gsbp-9fdf213.gspb_container>.gspb_backgroundOverlay{border-top-left-radius:5px;border-top-right-radius:5px;border-bottom-right-radius:5px;border-bottom-left-radius:5px}#gspb_button-id-gsbp-225b1f5,#gspb_button-id-gsbp-58d305b,#gspb_button-id-gsbp-9d94bb2{display:flex;justify-content:flex-start}#gspb_button-id-gsbp-225b1f5 .gspb-buttonbox-text{display:flex;flex-direction:column}#gspb_button-id-gsbp-225b1f5>.gspb-buttonbox{box-sizing:border-box;transition:all .5s cubic-bezier(.42,0,.58,1)}#gspb_button-id-gsbp-225b1f5>.gspb-buttonbox:hover{background-color:var(--wp--preset--color--custom-red, #e5322d);transform:scale(1.1)}#gspb_button-id-gsbp-225b1f5>.gspb-buttonbox .gspb-buttonbox-icon svg,#gspb_button-id-gsbp-225b1f5>.gspb-buttonbox .gspb-buttonbox-icon svg path{transition:all .5s cubic-bezier(.42,0,.58,1)}#gspb_container-id-gsbp-ccce8f5.gspb_container{position:relative;display:flex;box-sizing:border-box}#gspb_button-id-gsbp-58d305b .gspb-buttonbox-text{display:flex;flex-direction:column}#gspb_button-id-gsbp-58d305b>.gspb-buttonbox{box-sizing:border-box}#gspb_button-id-gsbp-58d305b>.gspb-buttonbox>.gspb-buttonbox-textwrap>.gspb-buttonbox-icon,#gspb_button-id-gsbp-9d94bb2>.gspb-buttonbox>.gspb-buttonbox-textwrap>.gspb-buttonbox-icon,.gspb_id-gsbp-b0162cc{display:flex}#gspb_button-id-gsbp-58d305b>.gspb-buttonbox .gspb-buttonbox-icon svg{height:40px!important;width:40px!important;min-width:40px!important;fill:#e6342e54!important;margin:0!important}#gspb_button-id-gsbp-58d305b>.gspb-buttonbox .gspb-buttonbox-icon svg path{fill:#e6342e54!important}#gspb_button-id-gsbp-58d305b>.gspb-buttonbox:hover .gspb-buttonbox-icon svg,#gspb_button-id-gsbp-58d305b>.gspb-buttonbox:hover .gspb-buttonbox-icon svg path,#gspb_button-id-gsbp-9d94bb2>.gspb-buttonbox:hover .gspb-buttonbox-icon svg,#gspb_button-id-gsbp-9d94bb2>.gspb-buttonbox:hover .gspb-buttonbox-icon svg path{fill:var(--wp--preset--color--custom-red, #e5322d)!important}#gspb_button-id-gsbp-58d305b>.gspb-buttonbox>.gspb-buttonbox-textwrap{display:flex;flex-direction:row;align-items:center}#gspb_button-id-gsbp-58d305b .gspb-buttonbox-icon{margin-right:13px}#gspb_button-id-gsbp-58d305b>.gspb-buttonbox{background-color:#ffffff00;transition-duration:.8s;transition-timing-function:var(--gs-root-animation-easing, cubic-bezier(0.42, 0, 0.58, 1));opacity:var(--gs-root-animation-opacity, 0);transition-property:opacity,transform,filter;transform:var(--gs-root-animation-transform, translate3d(calc(max(50px, 15%) * -1), 0, 0))}#gspb_button-id-gsbp-58d305b>.gspb-buttonbox:hover{background-color:#e6342e00}#gspb_button-id-gsbp-58d305b>.gspb-buttonbox,#gspb_button-id-gsbp-58d305b>.gspb-buttonbox>.gspb_backgroundOverlay{border-top-left-radius:100px;border-top-right-radius:100px;border-bottom-right-radius:100px;border-bottom-left-radius:100px}#gspb_button-id-gsbp-58d305b>.gspb-buttonbox.aos-animate,#gspb_button-id-gsbp-58d305b>.gspb-buttonbox[data-gs-aos]{opacity:1;transform:translateZ(0);transition:all .5s cubic-bezier(.42,0,.58,1)}#gspb_button-id-gsbp-58d305b>.gspb-buttonbox .gspb-buttonbox-icon svg,#gspb_button-id-gsbp-58d305b>.gspb-buttonbox .gspb-buttonbox-icon svg path{transition:all .5s cubic-bezier(.42,0,.58,1)}#gspb_button-id-gsbp-58d305b>.gspb-buttonbox:hover{transform:scale(1.3)}#gspb_button-id-gsbp-9d94bb2 .gspb-buttonbox-text{display:flex;flex-direction:column}#gspb_button-id-gsbp-9d94bb2>.gspb-buttonbox{box-sizing:border-box}#gspb_button-id-gsbp-9d94bb2>.gspb-buttonbox .gspb-buttonbox-icon svg{height:40px!important;width:40px!important;min-width:40px!important;fill:#e6342e54!important;margin:0!important}#gspb_button-id-gsbp-9d94bb2>.gspb-buttonbox .gspb-buttonbox-icon svg path{fill:#e6342e54!important}#gspb_button-id-gsbp-9d94bb2>.gspb-buttonbox>.gspb-buttonbox-textwrap{display:flex;flex-direction:row;align-items:center}#gspb_button-id-gsbp-9d94bb2 .gspb-buttonbox-icon{margin-right:13px}#gspb_button-id-gsbp-9d94bb2>.gspb-buttonbox,#gspb_button-id-gsbp-9d94bb2>.gspb-buttonbox:hover{background-color:#ffffff00}#gspb_button-id-gsbp-9d94bb2>.gspb-buttonbox,#gspb_button-id-gsbp-9d94bb2>.gspb-buttonbox>.gspb_backgroundOverlay{border-top-left-radius:100px;border-top-right-radius:100px;border-bottom-right-radius:100px;border-bottom-left-radius:100px}#gspb_button-id-gsbp-9d94bb2>.gspb-buttonbox{transition-duration:.8s;transition-timing-function:var(--gs-root-animation-easing, cubic-bezier(0.42, 0, 0.58, 1));opacity:var(--gs-root-animation-opacity, 0);transition-property:opacity,transform,filter;transform:var(--gs-root-animation-transform, translate3d(calc(max(50px, 15%) * -1), 0, 0))}#gspb_button-id-gsbp-9d94bb2>.gspb-buttonbox.aos-animate,#gspb_button-id-gsbp-9d94bb2>.gspb-buttonbox[data-gs-aos]{opacity:1;transform:translateZ(0);transition:all .5s cubic-bezier(.42,0,.58,1)}#gspb_button-id-gsbp-9d94bb2>.gspb-buttonbox .gspb-buttonbox-icon svg,#gspb_button-id-gsbp-9d94bb2>.gspb-buttonbox .gspb-buttonbox-icon svg path{transition:all .5s cubic-bezier(.42,0,.58,1)}#gspb_button-id-gsbp-9d94bb2>.gspb-buttonbox:hover{transform:scale(1.3)}#gspb_col-id-gsbp-3227b54.gspb_row__col--4{width:33.333333333333336%}@media (max-width:575.98px){#gspb_col-id-gsbp-3227b54.gspb_row__col--4{width:100%}}@media (min-width:992px){body.gspb-bodyfront #gspb_col-id-gsbp-3227b54.gspb_row__col--4{width:calc(65% - 0px - 0px)}}body #gspb_col-id-gsbp-3227b54.gspb_row__col--4{display:flex;flex-direction:column;justify-content:flex-start;align-content:center;align-items:flex-start}.gspb_id-gsbp-b0162cc .gspb_map-wrapper{width:100%;height:175px;isolation:isolate}","footnotes":""},"class_list":["post-552","page","type-page","status-publish","hentry"],"_links":{"self":[{"href":"https:\/\/microtech-informatique.fr\/index.php\/wp-json\/wp\/v2\/pages\/552","targetHints":{"allow":["GET"]}}],"collection":[{"href":"https:\/\/microtech-informatique.fr\/index.php\/wp-json\/wp\/v2\/pages"}],"about":[{"href":"https:\/\/microtech-informatique.fr\/index.php\/wp-json\/wp\/v2\/types\/page"}],"author":[{"embeddable":true,"href":"https:\/\/microtech-informatique.fr\/index.php\/wp-json\/wp\/v2\/users\/1"}],"replies":[{"embeddable":true,"href":"https:\/\/microtech-informatique.fr\/index.php\/wp-json\/wp\/v2\/comments?post=552"}],"version-history":[{"count":28,"href":"https:\/\/microtech-informatique.fr\/index.php\/wp-json\/wp\/v2\/pages\/552\/revisions"}],"predecessor-version":[{"id":591,"href":"https:\/\/microtech-informatique.fr\/index.php\/wp-json\/wp\/v2\/pages\/552\/revisions\/591"}],"wp:attachment":[{"href":"https:\/\/microtech-informatique.fr\/index.php\/wp-json\/wp\/v2\/media?parent=552"}],"curies":[{"name":"wp","href":"https:\/\/api.w.org\/{rel}","templated":true}]}}