{"id":485,"date":"2026-05-13T08:52:08","date_gmt":"2026-05-13T08:52:08","guid":{"rendered":"https:\/\/microtech-informatique.fr\/?page_id=485"},"modified":"2026-05-13T09:20:24","modified_gmt":"2026-05-13T09:20:24","slug":"magasin-informatique","status":"publish","type":"page","link":"https:\/\/microtech-informatique.fr\/index.php\/magasin-informatique\/","title":{"rendered":"magasin-informatique"},"content":{"rendered":"\n<section class=\"wp-block-greenshift-blocks-row alignfull gspb_row gspb_row-id-gsbp-0a3e82d\" id=\"gspb_row-id-gsbp-0a3e82d\"><div class=\"gspb_row__content\"> \n<div class=\"wp-block-greenshift-blocks-row-column gspb_row__col--12 gspb_col-id-gsbp-7041636\" id=\"gspb_col-id-gsbp-7041636\">\n<h1 class=\"wp-block-heading alignfull has-text-align-left has-custom-red-color has-text-color has-link-color wp-elements-59b0b1a1c6e0d56ed69ef03adc87d6fb\" id=\"votre-magasin-d-informatique\">Votre magasin d\u2019informatique<\/h1>\n\n\n\n<hr class=\"wp-block-separator alignfull has-text-color has-custom-red-color has-alpha-channel-opacity has-custom-red-background-color has-background\"\/>\n\n\n\n<p class=\"has-text-align-justify has-text-align-justify\">Micro\u2019Tech, votre <strong>magasin d\u2019informatique \u00e0 Lillebonne<\/strong>, vous propose un grand choix de mat\u00e9riel et d\u2019\u00e9quipements neufs et d\u2019occasion. PC fixes, PC portables, smartphones, tablettes, imprimantes, copieurs\u2026 Rendez-vous en boutique pour b\u00e9n\u00e9ficier de nos conseils d\u2019experts ! Profitez \u00e9galement de nos offres de location de mat\u00e9riel informatique et multim\u00e9dia !<\/p>\n<\/div>\n <\/div><\/section>\n\n\n\n<div class=\"wp-block-greenshift-blocks-row gspb_row gspb_row-id-gsbp-f10a5b4\" id=\"gspb_row-id-gsbp-f10a5b4\"><div class=\"gspb_row__content\"> \n<div class=\"wp-block-greenshift-blocks-row-column gspb_row__col--8 gspb_col-id-gsbp-c1a3381\" id=\"gspb_col-id-gsbp-c1a3381\">\n<h2 class=\"wp-block-heading has-custom-red-color has-text-color has-link-color wp-elements-d31526f5c472db778fcdfcf65d111069\" id=\"vente-de-materiel-informatique\">Vente de mat\u00e9riel informatique<\/h2>\n\n\n\n<p class=\"has-text-align-justify has-text-align-justify\">Sp\u00e9cialistes de la <strong>vente de mat\u00e9riel informatique<\/strong>, nous proposons une gamme de produits et d\u2019\u00e9quipements pour particuliers et professionnels. Nous avons s\u00e9lectionn\u00e9 pour vous des \u00e9quipements d\u2019excellente qualit\u00e9, capables de r\u00e9pondre \u00e0 tous types d\u2019usages (surfer sur le web, jeux vid\u00e9o, PAO, MAO\u2026). Bien entendu, nous sommes \u00e0 votre enti\u00e8re disposition pour vous conseiller et vous guider vers le produit adapt\u00e9. Retrouvez en magasin des produits neufs dernier cri ou des \u00e9quipements d\u2019occasion r\u00e9vis\u00e9s par nos soins.<\/p>\n\n\n\n<div class=\"wp-block-greenshift-blocks-iconlist gspb_iconsList gspb_iconsList-id-gsbp-5c2d01b is-style-checkmark-list\" id=\"gspb_iconsList-id-gsbp-5c2d01b\"><div class=\"gspb_iconsList__item\" data-id=\"0\"><svg class=\"\" style=\"display:inline-block;vertical-align:middle\" width=\"18\" height=\"18\" viewBox=\"0 0 1024 1024\" xmlns=\"http:\/\/www.w3.org\/2000\/svg\"><path style=\"fill:#565D66\" d=\"M1008 512c0 273.934-222.066 496-496 496s-496-222.066-496-496 222.066-496 496-496 496 222.066 496 496zM454.628 774.628l368-368c12.496-12.496 12.496-32.758 0-45.254l-45.254-45.254c-12.496-12.498-32.758-12.498-45.256 0l-300.118 300.116-140.118-140.118c-12.496-12.496-32.758-12.496-45.256 0l-45.254 45.254c-12.496 12.496-12.496 32.758 0 45.254l208 208c12.498 12.498 32.758 12.498 45.256 0.002z\"><\/path><\/svg><span class=\"gspb_iconsList__item__text\">PC fixes et portables<\/span><\/div><div class=\"gspb_iconsList__item\" data-id=\"1\"><svg class=\"\" style=\"display:inline-block;vertical-align:middle\" width=\"18\" height=\"18\" viewBox=\"0 0 1024 1024\" xmlns=\"http:\/\/www.w3.org\/2000\/svg\"><path style=\"fill:#565D66\" d=\"M1008 512c0 273.934-222.066 496-496 496s-496-222.066-496-496 222.066-496 496-496 496 222.066 496 496zM454.628 774.628l368-368c12.496-12.496 12.496-32.758 0-45.254l-45.254-45.254c-12.496-12.498-32.758-12.498-45.256 0l-300.118 300.116-140.118-140.118c-12.496-12.496-32.758-12.496-45.256 0l-45.254 45.254c-12.496 12.496-12.496 32.758 0 45.254l208 208c12.498 12.498 32.758 12.498 45.256 0.002z\"><\/path><\/svg><span class=\"gspb_iconsList__item__text\">Smartphones et tablettes<\/span><\/div><div class=\"gspb_iconsList__item\" data-id=\"2\"><svg class=\"\" style=\"display:inline-block;vertical-align:middle\" width=\"18\" height=\"18\" viewBox=\"0 0 1024 1024\" xmlns=\"http:\/\/www.w3.org\/2000\/svg\"><path style=\"fill:#565D66\" d=\"M1008 512c0 273.934-222.066 496-496 496s-496-222.066-496-496 222.066-496 496-496 496 222.066 496 496zM454.628 774.628l368-368c12.496-12.496 12.496-32.758 0-45.254l-45.254-45.254c-12.496-12.498-32.758-12.498-45.256 0l-300.118 300.116-140.118-140.118c-12.496-12.496-32.758-12.496-45.256 0l-45.254 45.254c-12.496 12.496-12.496 32.758 0 45.254l208 208c12.498 12.498 32.758 12.498 45.256 0.002z\"><\/path><\/svg><span class=\"gspb_iconsList__item__text\">Imprimantes et copieurs<\/span><\/div><div class=\"gspb_iconsList__item\" data-id=\"3\"><svg class=\"\" style=\"display:inline-block;vertical-align:middle\" width=\"18\" height=\"18\" viewBox=\"0 0 1024 1024\" xmlns=\"http:\/\/www.w3.org\/2000\/svg\"><path style=\"fill:#565D66\" d=\"M1008 512c0 273.934-222.066 496-496 496s-496-222.066-496-496 222.066-496 496-496 496 222.066 496 496zM454.628 774.628l368-368c12.496-12.496 12.496-32.758 0-45.254l-45.254-45.254c-12.496-12.498-32.758-12.498-45.256 0l-300.118 300.116-140.118-140.118c-12.496-12.496-32.758-12.496-45.256 0l-45.254 45.254c-12.496 12.496-12.496 32.758 0 45.254l208 208c12.498 12.498 32.758 12.498 45.256 0.002z\"><\/path><\/svg><span class=\"gspb_iconsList__item__text\">P\u00e9riph\u00e9riques (clavier, souris\u2026)<\/span><\/div><div class=\"gspb_iconsList__item\" data-id=\"4\"><svg class=\"\" style=\"display:inline-block;vertical-align:middle\" width=\"18\" height=\"18\" viewBox=\"0 0 1024 1024\" xmlns=\"http:\/\/www.w3.org\/2000\/svg\"><path style=\"fill:#565D66\" d=\"M1008 512c0 273.934-222.066 496-496 496s-496-222.066-496-496 222.066-496 496-496 496 222.066 496 496zM454.628 774.628l368-368c12.496-12.496 12.496-32.758 0-45.254l-45.254-45.254c-12.496-12.498-32.758-12.498-45.256 0l-300.118 300.116-140.118-140.118c-12.496-12.496-32.758-12.496-45.256 0l-45.254 45.254c-12.496 12.496-12.496 32.758 0 45.254l208 208c12.498 12.498 32.758 12.498 45.256 0.002z\"><\/path><\/svg><span class=\"gspb_iconsList__item__text\">Etc.<\/span><\/div><\/div>\n<\/div>\n\n\n\n<div class=\"wp-block-greenshift-blocks-row-column gspb_row__col--4 gspb_col-id-gsbp-3227b54\" id=\"gspb_col-id-gsbp-3227b54\">\n<div class=\"wp-block-greenshift-blocks-image gspb_image gspb_image-id-gsbp-cc3f8ac\" id=\"gspb_image-id-gsbp-cc3f8ac\"><img decoding=\"async\" src=\"http:\/\/microtech-informatique.fr\/wp-content\/uploads\/2026\/05\/vecteezy_a-modern-electronics-store-showcasing-a-row-of-sleek-laptops_69647493-scaled.jpg\" data-src=\"\" alt=\"\" loading=\"lazy\" width=\"2560\" height=\"1920\"\/><\/div>\n<\/div>\n <\/div><\/div>\n\n\n\n<div class=\"wp-block-greenshift-blocks-row gspb_row gspb_row-id-gsbp-fcdc6af\" id=\"gspb_row-id-gsbp-fcdc6af\"><div class=\"gspb_row__content\"> \n<div class=\"wp-block-greenshift-blocks-row-column gspb_row__col--4 gspb_col-id-gsbp-abe10a1\" id=\"gspb_col-id-gsbp-abe10a1\">\n<div class=\"wp-block-greenshift-blocks-image gspb_image gspb_image-id-gsbp-d205de7\" id=\"gspb_image-id-gsbp-d205de7\"><img decoding=\"async\" src=\"https:\/\/microtech-informatique.fr\/wp-content\/uploads\/2026\/05\/vecteezy_stack-of-old-discarded-smartphones-showing-e-waste-concept_73836055-1365x2048.jpg\" data-src=\"\" alt=\"\" loading=\"lazy\" width=\"1365\" height=\"2048\"\/><\/div>\n<\/div>\n\n\n\n<div class=\"wp-block-greenshift-blocks-row-column gspb_row__col--8 gspb_col-id-gsbp-f40fb8e\" id=\"gspb_col-id-gsbp-f40fb8e\">\n<h2 class=\"wp-block-heading has-custom-red-color has-text-color has-link-color wp-elements-f376e259e1d2c1d240d1633888caca7e\" id=\"vente-de-materiel-informatique\">Location de mat\u00e9riel<\/h2>\n\n\n\n<p class=\"has-text-align-justify has-text-align-justify\">Notre magasin informatique propose \u00e9galement un service de location d\u2019\u00e9quipements informatiques et multim\u00e9dia. Pour un \u00e9v\u00e9nement priv\u00e9 ou une utilisation professionnelle, nous pouvons vous proposer diff\u00e9rents \u00e9quipements adapt\u00e9s \u00e0 vos besoins.<\/p>\n\n\n\n<div class=\"wp-block-greenshift-blocks-iconlist gspb_iconsList gspb_iconsList-id-gsbp-02c657d is-style-checkmark-list\" id=\"gspb_iconsList-id-gsbp-02c657d\"><div class=\"gspb_iconsList__item\" data-id=\"0\"><svg class=\"\" style=\"display:inline-block;vertical-align:middle\" width=\"18\" height=\"18\" viewBox=\"0 0 1024 1024\" xmlns=\"http:\/\/www.w3.org\/2000\/svg\"><path style=\"fill:#565D66\" d=\"M1008 512c0 273.934-222.066 496-496 496s-496-222.066-496-496 222.066-496 496-496 496 222.066 496 496zM454.628 774.628l368-368c12.496-12.496 12.496-32.758 0-45.254l-45.254-45.254c-12.496-12.498-32.758-12.498-45.256 0l-300.118 300.116-140.118-140.118c-12.496-12.496-32.758-12.496-45.256 0l-45.254 45.254c-12.496 12.496-12.496 32.758 0 45.254l208 208c12.498 12.498 32.758 12.498 45.256 0.002z\"><\/path><\/svg><span class=\"gspb_iconsList__item__text\">Vid\u00e9oprojecteurs<\/span><\/div><div class=\"gspb_iconsList__item\" data-id=\"1\"><svg class=\"\" style=\"display:inline-block;vertical-align:middle\" width=\"18\" height=\"18\" viewBox=\"0 0 1024 1024\" xmlns=\"http:\/\/www.w3.org\/2000\/svg\"><path style=\"fill:#565D66\" d=\"M1008 512c0 273.934-222.066 496-496 496s-496-222.066-496-496 222.066-496 496-496 496 222.066 496 496zM454.628 774.628l368-368c12.496-12.496 12.496-32.758 0-45.254l-45.254-45.254c-12.496-12.498-32.758-12.498-45.256 0l-300.118 300.116-140.118-140.118c-12.496-12.496-32.758-12.496-45.256 0l-45.254 45.254c-12.496 12.496-12.496 32.758 0 45.254l208 208c12.498 12.498 32.758 12.498 45.256 0.002z\"><\/path><\/svg><span class=\"gspb_iconsList__item__text\">Enceintes<\/span><\/div><div class=\"gspb_iconsList__item\" data-id=\"2\"><svg class=\"\" style=\"display:inline-block;vertical-align:middle\" width=\"18\" height=\"18\" viewBox=\"0 0 1024 1024\" xmlns=\"http:\/\/www.w3.org\/2000\/svg\"><path style=\"fill:#565D66\" d=\"M1008 512c0 273.934-222.066 496-496 496s-496-222.066-496-496 222.066-496 496-496 496 222.066 496 496zM454.628 774.628l368-368c12.496-12.496 12.496-32.758 0-45.254l-45.254-45.254c-12.496-12.498-32.758-12.498-45.256 0l-300.118 300.116-140.118-140.118c-12.496-12.496-32.758-12.496-45.256 0l-45.254 45.254c-12.496 12.496-12.496 32.758 0 45.254l208 208c12.498 12.498 32.758 12.498 45.256 0.002z\"><\/path><\/svg><span class=\"gspb_iconsList__item__text\">PC portables<\/span><\/div><div class=\"gspb_iconsList__item\" data-id=\"3\"><svg class=\"\" style=\"display:inline-block;vertical-align:middle\" width=\"18\" height=\"18\" viewBox=\"0 0 1024 1024\" xmlns=\"http:\/\/www.w3.org\/2000\/svg\"><path style=\"fill:#565D66\" d=\"M1008 512c0 273.934-222.066 496-496 496s-496-222.066-496-496 222.066-496 496-496 496 222.066 496 496zM454.628 774.628l368-368c12.496-12.496 12.496-32.758 0-45.254l-45.254-45.254c-12.496-12.498-32.758-12.498-45.256 0l-300.118 300.116-140.118-140.118c-12.496-12.496-32.758-12.496-45.256 0l-45.254 45.254c-12.496 12.496-12.496 32.758 0 45.254l208 208c12.498 12.498 32.758 12.498 45.256 0.002z\"><\/path><\/svg><span class=\"gspb_iconsList__item__text\">Etc.<\/span><\/div><\/div>\n\n\n\n<p class=\"has-text-align-justify has-text-align-justify\">Pensez aussi \u00e0 nos services de <a href=\"https:\/\/www.informatique-microtech.fr\/fr\/reparation-de-telephone\">r\u00e9paration de t\u00e9l\u00e9phone<\/a>, maintenance et d\u00e9pannage informatique pour tous vos \u00e9quipements. Parcoutez nos <a href=\"https:\/\/www.informatique-microtech.fr\/fr\/tarifs-depannage-informatique\">tarifs pour un d\u00e9pannage informatique<\/a>!<\/p>\n\n\n\n<p class=\"has-text-align-justify has-text-align-justify\">Vous souhaitez en savoir plus sur nos services de vente et d\u00e9pannage de mat\u00e9riel ? <a href=\"https:\/\/www.informatique-microtech.fr\/fr\/contact-magasin-informatique\">Contactez notre magasin informatique<\/a>. Situ\u00e9s \u00e0 Lillebonne, nous intervenons dans un rayon de 60km, notamment sur les secteurs de Rouen, Le Havre et Le Graven\u00e7on.<\/p>\n<\/div>\n <\/div><\/div>\n","protected":false},"excerpt":{"rendered":"","protected":false},"author":1,"featured_media":0,"parent":0,"menu_order":0,"comment_status":"closed","ping_status":"closed","template":"page-no-title","meta":{"_gspb_post_css":"#gspb_row-id-gsbp-0a3e82d,#gspb_row-id-gsbp-f10a5b4,#gspb_row-id-gsbp-fcdc6af{justify-content:space-between;margin-top:0;margin-bottom:0;display:flex;flex-wrap:wrap}#gspb_row-id-gsbp-0a3e82d>.gspb_row__content{display:flex;justify-content:space-between;margin:0 auto;width:100%;flex-wrap:wrap;max-width:1200px}.gspb_row{position:relative}div[id^=gspb_col-id]{box-sizing:border-box;position:relative;padding:var(--gs-row-column-padding, 15px min(3vw, 20px))}#gspb_col-id-gsbp-7041636.gspb_row__col--12{width:100%}@media (max-width:575.98px){#gspb_col-id-gsbp-7041636.gspb_row__col--12{width:100%}}#gspb_row-id-gsbp-f10a5b4>.gspb_row__content{display:flex;justify-content:space-between;margin:0 auto;width:100%;flex-wrap:wrap;max-width:1200px}#gspb_col-id-gsbp-c1a3381.gspb_row__col--8{width:66.66666666666667%}@media (max-width:575.98px){#gspb_col-id-gsbp-c1a3381.gspb_row__col--8{width:100%}}@media (min-width:992px){body.gspb-bodyfront #gspb_col-id-gsbp-c1a3381.gspb_row__col--8{width:calc(53% - 0px - 0px)}}#gspb_iconsList-id-gsbp-5c2d01b.gspb_iconsList .gspb_iconsList__item__text{margin-left:15px}#gspb_iconsList-id-gsbp-5c2d01b.gspb_iconsList .gspb_iconsList__item{display:flex;flex-direction:row;align-items:center;position:relative}#gspb_iconsList-id-gsbp-5c2d01b.gspb_iconsList .gspb_iconsList__item svg path{fill:#2184f9!important}#gspb_iconsList-id-gsbp-5c2d01b.gspb_iconsList [data-id='0'] svg,#gspb_iconsList-id-gsbp-5c2d01b.gspb_iconsList [data-id='0'] svg path{fill:var(--wp--preset--color--custom-red, #e5322d)!important}#gspb_iconsList-id-gsbp-5c2d01b.gspb_iconsList [data-id='0'] svg,body #gspb_iconsList-id-gsbp-02c657d.gspb_iconsList .gspb_iconsList__item img,body #gspb_iconsList-id-gsbp-02c657d.gspb_iconsList .gspb_iconsList__item svg,body #gspb_iconsList-id-gsbp-5c2d01b.gspb_iconsList .gspb_iconsList__item img,body #gspb_iconsList-id-gsbp-5c2d01b.gspb_iconsList .gspb_iconsList__item svg{margin:0!important}#gspb_iconsList-id-gsbp-5c2d01b.gspb_iconsList [data-id='1'] svg,#gspb_iconsList-id-gsbp-5c2d01b.gspb_iconsList [data-id='1'] svg path{fill:var(--wp--preset--color--custom-red, #e5322d)!important}#gspb_iconsList-id-gsbp-5c2d01b.gspb_iconsList [data-id='1'] svg{margin:0!important}#gspb_iconsList-id-gsbp-5c2d01b.gspb_iconsList [data-id='2'] svg,#gspb_iconsList-id-gsbp-5c2d01b.gspb_iconsList [data-id='2'] svg path{fill:var(--wp--preset--color--custom-red, #e5322d)!important}#gspb_iconsList-id-gsbp-5c2d01b.gspb_iconsList [data-id='2'] svg{margin:0!important}#gspb_iconsList-id-gsbp-5c2d01b.gspb_iconsList [data-id='3'] svg,#gspb_iconsList-id-gsbp-5c2d01b.gspb_iconsList [data-id='3'] svg path{fill:var(--wp--preset--color--custom-red, #e5322d)!important}#gspb_iconsList-id-gsbp-5c2d01b.gspb_iconsList [data-id='3'] svg{margin:0!important}#gspb_iconsList-id-gsbp-5c2d01b.gspb_iconsList [data-id='4'] svg,#gspb_iconsList-id-gsbp-5c2d01b.gspb_iconsList [data-id='4'] svg path{fill:var(--wp--preset--color--custom-red, #e5322d)!important}#gspb_iconsList-id-gsbp-5c2d01b.gspb_iconsList [data-id='4'] svg{margin:0!important}#gspb_col-id-gsbp-3227b54.gspb_row__col--4{width:33.333333333333336%}@media (max-width:575.98px){#gspb_col-id-gsbp-3227b54.gspb_row__col--4{width:100%}}@media (min-width:992px){body.gspb-bodyfront #gspb_col-id-gsbp-3227b54.gspb_row__col--4{width:calc(47% - 0px - 0px)}}body #gspb_col-id-gsbp-3227b54.gspb_row__col--4,body #gspb_col-id-gsbp-abe10a1.gspb_row__col--4{display:flex;flex-direction:column;justify-content:center;align-content:center;align-items:center}#gspb_image-id-gsbp-cc3f8ac img,#gspb_image-id-gsbp-d205de7 img{object-fit:contain;vertical-align:top;display:inline-block;box-sizing:border-box;max-width:100%;height:auto}#gspb_row-id-gsbp-fcdc6af>.gspb_row__content{display:flex;justify-content:space-between;margin:0 auto;width:100%;flex-wrap:wrap;max-width:1200px}#gspb_col-id-gsbp-abe10a1.gspb_row__col--4{width:33.333333333333336%}@media (max-width:575.98px){#gspb_col-id-gsbp-abe10a1.gspb_row__col--4{width:100%}}@media (min-width:992px){body.gspb-bodyfront #gspb_col-id-gsbp-abe10a1.gspb_row__col--4{width:calc(20.9customunit - 0px - 0px)}}#gspb_image-id-gsbp-d205de7 img{object-fit:cover}#gspb_col-id-gsbp-f40fb8e.gspb_row__col--8{width:66.66666666666667%}@media (max-width:575.98px){#gspb_col-id-gsbp-f40fb8e.gspb_row__col--8{width:100%}}@media (min-width:992px){body.gspb-bodyfront #gspb_col-id-gsbp-f40fb8e.gspb_row__col--8{width:calc(55.4customunit - 0px - 0px)}}#gspb_iconsList-id-gsbp-02c657d.gspb_iconsList .gspb_iconsList__item__text{margin-left:15px}#gspb_iconsList-id-gsbp-02c657d.gspb_iconsList .gspb_iconsList__item{display:flex;flex-direction:row;align-items:center;position:relative}#gspb_iconsList-id-gsbp-02c657d.gspb_iconsList .gspb_iconsList__item svg path{fill:#2184f9!important}#gspb_iconsList-id-gsbp-02c657d.gspb_iconsList [data-id='0'] svg,#gspb_iconsList-id-gsbp-02c657d.gspb_iconsList [data-id='0'] svg path{fill:var(--wp--preset--color--custom-red, #e5322d)!important}#gspb_iconsList-id-gsbp-02c657d.gspb_iconsList [data-id='0'] svg{margin:0!important}#gspb_iconsList-id-gsbp-02c657d.gspb_iconsList [data-id='1'] svg,#gspb_iconsList-id-gsbp-02c657d.gspb_iconsList [data-id='1'] svg path{fill:var(--wp--preset--color--custom-red, #e5322d)!important}#gspb_iconsList-id-gsbp-02c657d.gspb_iconsList [data-id='1'] svg{margin:0!important}#gspb_iconsList-id-gsbp-02c657d.gspb_iconsList [data-id='2'] svg,#gspb_iconsList-id-gsbp-02c657d.gspb_iconsList [data-id='2'] svg path{fill:var(--wp--preset--color--custom-red, #e5322d)!important}#gspb_iconsList-id-gsbp-02c657d.gspb_iconsList [data-id='2'] svg{margin:0!important}#gspb_iconsList-id-gsbp-02c657d.gspb_iconsList [data-id='3'] svg,#gspb_iconsList-id-gsbp-02c657d.gspb_iconsList [data-id='3'] svg path{fill:var(--wp--preset--color--custom-red, #e5322d)!important}#gspb_iconsList-id-gsbp-02c657d.gspb_iconsList [data-id='3'] svg{margin:0!important}","footnotes":""},"class_list":["post-485","page","type-page","status-publish","hentry"],"_links":{"self":[{"href":"https:\/\/microtech-informatique.fr\/index.php\/wp-json\/wp\/v2\/pages\/485","targetHints":{"allow":["GET"]}}],"collection":[{"href":"https:\/\/microtech-informatique.fr\/index.php\/wp-json\/wp\/v2\/pages"}],"about":[{"href":"https:\/\/microtech-informatique.fr\/index.php\/wp-json\/wp\/v2\/types\/page"}],"author":[{"embeddable":true,"href":"https:\/\/microtech-informatique.fr\/index.php\/wp-json\/wp\/v2\/users\/1"}],"replies":[{"embeddable":true,"href":"https:\/\/microtech-informatique.fr\/index.php\/wp-json\/wp\/v2\/comments?post=485"}],"version-history":[{"count":35,"href":"https:\/\/microtech-informatique.fr\/index.php\/wp-json\/wp\/v2\/pages\/485\/revisions"}],"predecessor-version":[{"id":527,"href":"https:\/\/microtech-informatique.fr\/index.php\/wp-json\/wp\/v2\/pages\/485\/revisions\/527"}],"wp:attachment":[{"href":"https:\/\/microtech-informatique.fr\/index.php\/wp-json\/wp\/v2\/media?parent=485"}],"curies":[{"name":"wp","href":"https:\/\/api.w.org\/{rel}","templated":true}]}}